he highest common divisor of 70 and 1339810?
10
What is the highest common factor of 74221 and 483?
161
What is the greatest common divisor of 30250 and 750?
250
Calculate the highest common factor of 1001907 and 36.
9
What is the highest common divisor of 3168 and 16992?
288
Calculate the highest common factor of 1092 and 3524.
4
What is the greatest common divisor of 320 and 181600?
160
What is the highest common divisor of 134983 and 347?
347
Calculate the greatest common divisor of 45 and 1690425.
45
Calculate the greatest common factor of 21028 and 210.
14
Calculate the greatest common factor of 40 and 4296.
8
Calculate the greatest common divisor of 20919 and 57.
57
Calculate the highest common divisor of 132 and 303578.
22
Calculate the highest common factor of 260 and 180050.
130
What is the greatest common factor of 1170 and 350090?
130
Calculate the highest common divisor of 1628 and 1936913.
407
Calculate the highest common divisor of 148 and 370.
74
What is the highest common divisor of 1876672 and 16?
16
Calculate the greatest common factor of 755 and 16912.
151
What is the highest common factor of 17605 and 211763?
503
What is the greatest common factor of 1384 and 3114?
346
Calculate the greatest common divisor of 190596 and 444.
12
What is the greatest common divisor of 936 and 234?
234
Calculate the greatest common divisor of 39226 and 132.
22
Calculate the greatest common divisor of 1002872 and 78.
26
What is the highest common divisor of 5967 and 1156?
17
Calculate the highest common divisor of 24 and 407523.
3
What is the greatest common factor of 30840 and 120?
120
What is the highest common divisor of 20 and 15740?
20
What is the highest common factor of 99201 and 86?
43
Calculate the greatest common factor of 34 and 398446.
34
What is the highest common divisor of 1560402 and 18?
18
What is the greatest common divisor of 7749 and 84?
21
Calculate the greatest common divisor of 61308 and 884.
52
What is the greatest common factor of 136 and 3413?
1
What is the greatest common divisor of 78 and 16242?
6
What is the greatest common factor of 4411 and 17243?
401
What is the highest common divisor of 293012 and 22134?
1054
Calculate the greatest common divisor of 3136 and 1306144.
1568
What is the greatest common factor of 284 and 38979?
71
Calculate the greatest common factor of 14237 and 4393.
23
Calculate the highest common factor of 136 and 173570.
34
Calculate the highest common divisor of 338711 and 86.
43
What is the greatest common divisor of 30960 and 95632?
688
What is the greatest common factor of 3294 and 1095255?
1647
What is the greatest common factor of 8325 and 199467?
333
Calculate the highest common divisor of 2237730 and 330.
330
Calculate the greatest common factor of 40 and 315185.
5
What is the highest common factor of 165 and 56705?
55
Calculate the greatest common divisor of 37349 and 51.
17
Calculate the greatest common divisor of 38385 and 2385.
45
What is the greatest common factor of 420402 and 24?
6
Calculate the greatest common factor of 47985 and 595.
35
What is the highest common factor of 560 and 476?
28
Calculate the greatest common factor of 386538 and 138.
138
Calculate the greatest common factor of 77 and 2429.
7
Calculate the greatest common divisor of 82498 and 3306.
38
Calculate the greatest common divisor of 684 and 30042.
18
Calculate the highest common divisor of 4784 and 1742.
26
Calculate the greatest common divisor of 442442 and 44.
22
Calculate the highest common factor of 7064 and 76.
4
What is the highest common divisor of 3 and 1432?
1
What is the highest common factor of 22847 and 424512?
737
What is the highest common factor of 38922 and 1443?
39
What is the highest common divisor of 61292 and 35?
7
Calculate the highest common factor of 35503 and 13.
13
Calculate the greatest common factor of 96 and 1236.
12
Calculate the highest common divisor of 332388 and 42.
42
What is the highest common factor of 1804740 and 420?
420
What is the highest common divisor of 8250 and 2625?
375
Calculate the greatest common factor of 378 and 30226.
14
What is the highest common divisor of 1040 and 32120?
40
What is the highest common factor of 2198 and 889?
7
Calculate the greatest common factor of 970 and 29710.
10
What is the greatest common factor of 1243 and 374708?
113
What is the highest common factor of 759074 and 410?
82
What is the greatest common divisor of 2176 and 992?
32
Calculate the greatest common factor of 294 and 6566.
98
Calculate the greatest common factor of 5974 and 47998.
206
What is the greatest common divisor of 104 and 405208?
8
What is the highest common divisor of 536760 and 426?
426
Calculate the highest common divisor of 9878 and 660.
22
What is the greatest common divisor of 257646 and 552?
138
What is the greatest common factor of 10759 and 2597?
371
Calculate the highest common factor of 260 and 2172235.
65
What is the highest common divisor of 5 and 55910?
5
What is the highest common divisor of 1763 and 371047?
43
What is the highest common factor of 400 and 11714000?
400
Calculate the highest common divisor of 130296 and 72.
24
Calculate the highest common factor of 5661 and 12852.
153
Calculate the greatest common divisor of 608570 and 1140.
190
What is the greatest common factor of 279681 and 901?
53
What is the greatest common divisor of 182 and 185614?
26
What is the greatest common divisor of 238915 and 355?
355
What is the greatest common factor of 100838 and 27790?
794
Calculate the highest common divisor of 20116 and 2889.
107
Calculate the highest common divisor of 23519 and 464.
29
Calculate the greatest common divisor of 91 and 14339.
13
What is the greatest common divisor of 1826 and 32702?
166
What is the highest common divisor of 9964 and 752?
188
What is the greatest common factor of 880 and 5392?
16
Calculate the greatest common factor of 16435 and 22490.
865
What is the greatest common factor of 136640 and 16?
16
Calculate the highest common divisor of 194216 and 88.
88
What is the greatest common divisor of 1803 and 3921?
3
What is the greatest common factor of 544 and 24004?
68
What is the greatest common divisor of 39763 and 272?
17
What is the greatest common factor of 8916426 and 9?
9
What is the highest common divisor of 265 and 954?
53
What is the greatest common divisor of 1133 and 15450?
103
Calculate the greatest common divisor of 2967 and 368.
23
Calculate the greatest common factor of 34 and 523498.
34
Calculate the highest common divisor of 406670 and 55.
55
What is the highest common divisor of 3201 and 1023?
33
Calculate the greatest common divisor of 6 and 22026.
6
Calculate the greatest common divisor of 1326 and 28860.
78
Calculate the highest common factor of 425007 and 198.
99
Calculate the highest common factor of 58566 and 24.
6
What is the greatest common divisor of 331 and 285653?
331
What is the greatest common divisor of 128 and 33856?
64
Calculate the greatest common divisor of 31 and 4489.
1
Calculate the greatest common factor of 5607 and 31.
1
Calculate the greatest common divisor of 2 and 6378.
2
Calculate the highest common factor of 232 and 1320.
8
What is the highest common divisor of 213065 and 129?
43
What is the greatest common divisor of 300503 and 7?
7
Calculate the greatest common factor of 3328 and 169.
13
Calculate the highest common factor of 96227 and 164.
41
Calculate the highest common divisor of 836888 and 6084.
676
What is the greatest common divisor of 19416 and 12?
12
What is the greatest common factor of 30 and 52460?
10
Calculate the greatest common factor of 1176 and 35232.
24
What is the greatest common factor of 1080328 and 2324?
332
What is the greatest common factor of 63536 and 1026?
38
Calculate the highest common factor of 125 and 3230.
5
What is the highest common divisor of 2188 and 1?
1
Calculate the greatest common divisor of 7799 and 31905.
709
What is the highest common divisor of 500360 and 840?
280
What is the highest common divisor of 9438 and 1144?
286
What is the greatest common factor of 289386 and 48438?
1242
Calculate the highest common divisor of 471167 and 457.
457
Calculate the greatest common divisor of 980 and 707.
7
What is the highest common factor of 14